alculate q(-3).
-17
Suppose 23 = 4*a + 15. Let w(r) = -83*r**a - 89*r**2 - 7*r - 90*r**2 + 261*r**2 - 1. Determine w(-7).
-1
Let s(o) = 4*o + 1. Let g(l) = -3*l. Let i(z) = -3*g(z) - 2*s(z). Let n(x) = 21*x - 39. Let f be n(2). Calculate i(f).
1
Let q be ((-11)/22)/(1/(-64)). Let a = -55 + 97. Let h = q - a. Let v(p) = p + 12. Determine v(h).
2
Let x(k) = -7*k**2 - 5*k + 1. Let d = 18992 - 18991. Calculate x(d).
-11
Let h(o) be the second derivative of -o + 0*o**3 - 1/12*o**4 + 0 + o**2. Let p = 1905 + -1902. Calculate h(p).
-7
Let y(a) = -4*a**2 - 41*a + 153. Let l(m) = m**2 + 10*m - 33. Let f(s) = -9*l(s) - 2*y(s). Let c = 9 + -5. Suppose -2*o = c + 8. What is f(o)?
3
Let l(k) = 3*k - 1. Let d = 69 + -69. Suppose w - f + 5*f = 0, d = 3*w - 5*f. Let y be (8/(-2))/(2 - w). Determine l(y).
-7
Let x(h) = h**2 + h - 3. Let b(f) = -f**3 + 5*f**2 - 6*f + 14. Let p(c) = -b(c) - 5*x(c). Give p(10).
11
Let x(c) be the first derivative of c**3/6 - 2*c**2 - 101*c - 37. Let w(b) be the first derivative of x(b). What is w(5)?
1
Suppose 2*i = l + 4, 0*l = -5*i + 5*l + 15. Let r(h) be the third derivative of -h**6/8 - h**5/60 + h**4/24 - h**3/6 - 196*h**2 - 2. What is r(i)?
-16
Let v(a) = -2*a + 1. Let z(w) = -8*w + 5. Let u be 47/(-5) + 6/15. Let d(p) = u*v(p) + 2*z(p). Calculate d(-3).
-5
Let r(j) = -3989 + 4336 + 71*j - 64*j. Calculate r(-51).
-10
Let m(s) = s**2 - 3*s - 14. Suppose 3*d = -u - 428, -5*u + 132 = 9*d - 10*d. Let o = 148 + d. Determine m(o).
4
Let b = -5498 - -5489. Let p(o) = 3*o**2 + 29*o + 6. Give p(b).
-12
Let m be 23/7 - (-2)/(-7). Suppose 60*h - 12 = 105*h - 51*h. Let p(b) = -b**m + 160*b + 7*b**h + 155*b - 3 - 319*b. Determine p(6).
9
Suppose 0 = 7*a - 8*a + 3. Let n(y) = -326 + y**2 + 326 - a*y. Let x be ((-3)/2)/((-18)/48). Calculate n(x).
4
Suppose 33*k + 120 = 43*k. Let g be k/(-18)*(36/(-8) + 3). Let z(p) = -2*p**2 + 2*p - 1. Determine z(g).
-1
Suppose 12*k = -9*k + 23*k. Let m(o) = -o**3 + o**2 - o - 10. Determine m(k).
-10
Let a(q) = q**3 + 10*q**2 - 9*q + 16. Suppose 0*k + 2*k + 57 = -5*c, 2*k - c = -15. What is a(k)?
-6
Let x(g) = g + 1. Let a(r) = -7*r**3 + 10*r**2 + r - 5. Let m(s) = -4*s**3 + 5*s**2 - 2. Let p(c) = 3*a(c) - 5*m(c). Let n be p(1). Give x(n).
3
Let g(m) = m**2 - 14*m - 1. Let a(x) = x**2 - 17*x - 1. Let y = -253 - -259. Let f(c) = y*g(c) - 5*a(c). Calculate f(-6).
29
Let v(q) = 31*q + 1. Let t be 5/(-1)*(48/15 - 3). What is v(t)?
-30
Let c(p) be the second derivative of -1/3*p**3 + 80*p + 0 - 5/2*p**2. Determine c(4).
-13
Suppose 22*c - 5*c = 0. Suppose 5*o + 10*z = 9*z + 10, c = -4*o - 3*z - 3. Let l(h) = 3*h + 1. Calculate l(o).
10
Suppose 8*k - 14 - 2 = 0. Suppose 5*a = 8 + k. Suppose a*c + 22 = -0*q + 3*q, 4*c - 4*q = -36. Let s(u) = -u**2 - 2*u + 1. Determine s(c).
-14
Let b(f) be the second derivative of f**4/12 + 25*f**3/6 - 22*f**2 - 14*f - 184. Determine b(-26).
-18
Let r = -2 - -5. Let h(g) = -g**3 - 6*g**2 - 7*g + 12. Let l be h(-4). Let m(w) = w**2 + 2 - 2 - 4 + l - 1 + w. What is m(r)?
15
Let a be 4 + 10/(-4 - -2). Let j(o) be the third derivative of -o**5/12 - o**3/6 + 121*o**2. Calculate j(a).
-6
Let f(y) = y**3 + 3*y**2 + 2*y - 6. Let s be 9/(-36)*(-6 + -2). Determine f(s).
18
Let q(k) = k**2 - 19. Let b = 52 - 52. Suppose 3*i - 34 - 17 = b. Let c = -17 + i. Give q(c).
-19
Let t = 1182 - 1182. Let a(l) = l - 41. Calculate a(t).
-41
Let h(j) be the first derivative of j**4/4 - 5*j**3/3 - 3*j**2 + 5*j + 981. Calculate h(4).
-35
Suppose -5*j - 3*u = -11, -23 = -2*j + 4*u + u. Suppose 0 = -j*v + p - 3, v - p + 3 = 2*v. Let k(g) be the first derivative of g**4/4 - 20*g + 397. Give k(v).
-20
Let d(n) = 12*n**3 + n + 2. Let y be (3/(-4))/((-387)/(-516)). What is d(y)?
-11
Let a(d) = 2*d**2 - 7*d + 5. Let c(f) = f**2 - 3*f + 2. Let x(r) = -2*a(r) + 5*c(r). Let u = -172 - -181. Let i be (-2)/u - ((-176)/(-99))/(-8). Give x(i).
0
Suppose -5*p = 5*z - 20, 0 = -2*p + p + 1. Let r(h) = 18 - 4*h**2 + h**z + 12 + 3*h - 6*h - 27. What is r(5)?
13
Let v(d) = 7*d + 1. Let b(n) = -8*n. Let q(f) = -6*b(f) - 7*v(f). Let w be q(-13). Let s be w/(-14) + (-3)/(-7). Let t(r) = -r**3 - 13. Calculate t(s).
-13
Let k(f) be the second derivative of -f**5/20 + 23*f**4/12 + 25*f**3/3 + 11*f**2 + 2474*f. What is k(25)?
22
Let f(k) = -2*k - 2. Let r be ((-6)/(-2))/9 + 371/21. Let w(c) = -c**3 + 21*c**2 - 55*c + 16. Let p be w(r). What is f(p)?
2
Let i(y) = -4*y - 6. Suppose 3559*x - 145 = 3588*x. What is i(x)?
14
Let l(x) = 26*x - 114. Let r(n) = -13*n + 56. Let a(i) = -6*l(i) - 13*r(i). Let y be a(4). Let g(w) = w**3 - 8*w**2 + w - 8. Calculate g(y).
0
Let n be -2*18/(-2)*(-9)/27. Let u(j) be the second derivative of 7*j**3/6 + 43*j**2/2 - 2*j. Calculate u(n).
1
Let m(j) = 11*j**2 + 7*j - 4*j**2 + 366323*j**3 - 366324*j**3 + 16. Determine m(8).
8
Let n(k) be the second derivative of 5*k**3/6 - 2*k**2 - k. Let c = 42099 - 42096. Determine n(c).
11
Let r be (-146)/(-949) + 1 + (3 - 279/39). Let j(z) = 2*z**2 + 4*z - 10. What is j(r)?
-4
Let w be (1/2)/((-1)/10). Let a(y) = -283 - 184*y + 287 + 190*y. Calculate a(w).
-26
Let n = -63 + 90. Let j be 2/(-9) + 1 + 33/n. Let y(a) = a**3 - 4*a**2 + 5*a. Let r be y(j). Let t(g) = g**2. Give t(r).
4
Let l(x) = -58*x + 15. Let a(j) = -72*j + 18. Let w(h) = -4*a(h) + 5*l(h). Suppose -m = -4 - 5. Determine w(m).
-15
Let u(n) = -6*n**2 + 4*n + 19. Let t be u(-4). Let o = t + 91. Let w(g) = 3*g**3 - 2*g**2 - 4*g**3 + 1 + 0*g**3. Give w(o).
1
Let n(a) = a - 2. Let q(d) = -2*d + 7. Let w(t) = 11*n(t) + 4*q(t). Let m(o) = -6*o - 11. Let i(s) = -3*m(s) - 5*w(s). Suppose -8 = 6*b - 2*b. Give i(b).
-3
Suppose 3*o - 5 = 2*v + 10, 0 = -2*o - v + 3. Let f(u) = -66*u**3 + 1 - 2*u + 72*u**o - 40*u**3. What is f(1)?
-35
Let f(d) = 14 - d - d**2 + 63*d + 6*d**2 + 16. Calculate f(-12).
6
Let i(x) = -x - 1. Let g be (3315/26)/5*(-2)/3. Suppose 7*a = 4*a + 2*v + 28, -4*a + 28 = -5*v. Let t = a + g. Determine i(t).
4
Let p(z) = -2*z**2 - 56*z + 114. Let r = 8869 + -8867. Calculate p(r).
-6
Let x(c) = 427*c + 22. Let v(a) = 552*a + 29. Let f(s) = 7*v(s) - 9*x(s). Give f(3).
68
Suppose -4*n + 4*l + 269 = 277, 5*n = -l - 16. Let c(m) = -m**3 - 4*m**2 + 6*m + 7. Let g be c(-5). Let j = g + n. Let o(p) = -8*p - 1. What is o(j)?
7
Let d(w) = -w**2 - 8*w - 2. Let k(m) = -m**3 + 20*m**2 + 25*m - 94. Let c be k(21). What is d(c)?
-22
Let r(k) be the third derivative of -k**5/60 - k**4/6 + 13*k**3/6 + k**2. Suppose -1591*n + 1593*n + 36 = -q, 4*q - 2*n - 6 = 0. Calculate r(q).
1
Suppose 2041*b - 2014*b - 378 = 0. Let x(c) = 4*c - 40. What is x(b)?
16
Let s = 75564 - 75570. Let b(d) = -6 + 2*d + 0*d + 0. Give b(s).
-18
Let q(n) = -n - 7. Let h(x) = -6. Let v(t) = -2*h(t) + q(t). Suppose l + 5*w = -3, -2*l - 5*w + 1 + 3 = 0. Determine v(l).
-2
Let t(m) = -2*m**2 + m + 29. Let w(i) = 2*i**3 + 64*i**2 - 1054*i + 84. Let a be w(-44). Give t(a).
-7
Suppose 0 = -3*b - 2*c - 8, -2*b + 0*b - 12 = 3*c. Suppose 0 = 2*l - x + 11, b*l - 5*x + 20 = -3*l. Let a = l + 6. Let r(v) = 10*v**2 - v. Determine r(a).
9
Let l(j) = -26*j - 73. Let n be l(-3). Suppose r = a + 16, r - 11 = 3*a + n. Let w(v) = v**2 - 15*v - 21. Give w(r).
-5
Let a(r) be the first derivative of -r**4/2 + 7*r**3 - 6*r**2 + 969. Determine a(10).
-20
Let l(v) = 14*v**2 + 42*v - 146. Let b(q) = -5*q**2 - 14*q + 51. Let w(a) = 17*b(a) + 6*l(a). Give w(13).
4
Let n(o) = -5*o**2 - 9*o + 33. Let a(l) = -9*l**2 - 20*l + 65. Let f(s) = 4*a(s) - 7*n(s). Determine f(-19).
-9
Suppose -2*a + 84 = -4*s - 4, 2*a - 4 = 0. Let n be (-12 - s/2)*(-4)/(-6). Let q(y) = -3*y - 3. What is q(n)?
0
Let l(p) = 1 + 54*p**2 - 15*p**2 - 17*p**2 - 21*p**2 + 2 - 9*p. Let f = -15 - -24. What is l(f)?
3
Let g(p) = 49*p**2 + 103*p + 309. Let x(b) = 20*b**2 + 49*b + 155. Let f(y) = 2*g(y) - 5*x(y). Give f(-6).
5
Let y(i) = 3*i + 2. Let h = -1 + 6. Suppose 76 = 5*z - 4*u, -h*z + 5 = u - 76. Let p be z/(-10)*(-15)/(-6). Give y(p).
-10
Let p(k) = -55*k + 236. Let v(i) = 84*i - 350. Let x(s) = -14*p(s) - 9*v(s). What is x(11)?
0
Let f(b) = -3*b - 72. Let c(y) = -2*y - 35. Let i(n) = 5*c(n) - 3*f(n). Let j(v) = -v + 28. Let h(a) = -5*i(a) + 7*j(a). Give h(-6).
3
Let k = 13 + -21. Suppose -2*b - 4*y - 6 = -7*b, 0 = -5*b + 6*y + 4. Let p(t) = -t + 8*t - 8*t**b - t - 2*t - 27 + 38 - t**3. Give p(k)